 149684385?
3
What is the units digit of 3093582207?
7
What is the tens digit of 139027138?
3
What is the hundred thousands digit of 1289971859?
9
What is the millions digit of 2625024288?
5
What is the hundred millions digit of 245693098?
2
What is the thousands digit of 3341491220?
1
What is the hundred thousands digit of 437955795?
9
What is the tens digit of 1173768063?
6
What is the thousands digit of 9560224?
0
What is the millions digit of 22570504?
2
What is the millions digit of 515929817?
5
What is the hundred thousands digit of 2025661656?
6
What is the units digit of 22205423?
3
What is the millions digit of 705628082?
5
What is the hundred thousands digit of 27128487?
1
What is the units digit of 41335639?
9
What is the tens digit of 2122185060?
6
What is the ten millions digit of 513426257?
1
What is the hundreds digit of 2160089275?
2
What is the hundred millions digit of 231035767?
2
What is the hundreds digit of 9199760?
7
What is the tens digit of 363689142?
4
What is the thousands digit of 73740855?
0
What is the hundred millions digit of 320527679?
3
What is the units digit of 3205084664?
4
What is the ten thousands digit of 994065616?
6
What is the hundred millions digit of 117028628?
1
What is the ten thousands digit of 151807176?
0
What is the units digit of 47052238?
8
What is the tens digit of 8279509?
0
What is the ten millions digit of 2392355941?
9
What is the hundreds digit of 340683268?
2
What is the hundred thousands digit of 83626941?
6
What is the millions digit of 58163435?
8
What is the ten millions digit of 443617397?
4
What is the tens digit of 39863069?
6
What is the thousands digit of 3991240059?
0
What is the units digit of 23140210?
0
What is the thousands digit of 195689224?
9
What is the millions digit of 90454787?
0
What is the hundreds digit of 951262981?
9
What is the hundred thousands digit of 76496986?
4
What is the hundred millions digit of 204963121?
2
What is the units digit of 3127394325?
5
What is the hundred thousands digit of 29935382?
9
What is the ten thousands digit of 183634115?
3
What is the billions digit of 1128659956?
1
What is the ten thousands digit of 51210085?
1
What is the thousands digit of 2210814020?
4
What is the ten millions digit of 22905332?
2
What is the hundred millions digit of 3964451943?
9
What is the thousands digit of 1822520782?
0
What is the hundred thousands digit of 489179645?
1
What is the thousands digit of 335329661?
9
What is the tens digit of 30807071?
7
What is the millions digit of 39839866?
9
What is the units digit of 49632904?
4
What is the hundred millions digit of 795866554?
7
What is the ten millions digit of 184462379?
8
What is the hundreds digit of 2090633?
6
What is the hundred thousands digit of 95645863?
6
What is the millions digit of 225311383?
5
What is the ten millions digit of 7437579069?
3
What is the millions digit of 115243059?
5
What is the ten millions digit of 50653708?
5
What is the hundreds digit of 153912213?
2
What is the thousands digit of 150998831?
8
What is the units digit of 1193743841?
1
What is the hundreds digit of 13259386?
3
What is the hundred thousands digit of 128507933?
5
What is the hundreds digit of 421484008?
0
What is the hundred thousands digit of 18915892?
9
What is the units digit of 824836358?
8
What is the thousands digit of 5079649265?
9
What is the tens digit of 6941154?
5
What is the hundred thousands digit of 953467890?
4
What is the hundred thousands digit of 4202500079?
5
What is the thousands digit of 2118949854?
9
What is the thousands digit of 108859428?
9
What is the hundreds digit of 1186072959?
9
What is the hundreds digit of 246827530?
5
What is the ten millions digit of 89871848?
8
What is the hundred thousands digit of 108381189?
3
What is the units digit of 117251430?
0
What is the tens digit of 27094069?
6
What is the ten millions digit of 180578918?
8
What is the units digit of 55048426?
6
What is the millions digit of 8325176767?
5
What is the hundred millions digit of 475905410?
4
What is the tens digit of 155683983?
8
What is the ten millions digit of 343529595?
4
What is the thousands digit of 43548190?
8
What is the ten millions digit of 91584962?
9
What is the hundreds digit of 6664708?
7
What is the thousands digit of 12495864?
5
What is the hundreds digit of 2826546678?
6
What is the ten millions digit of 25383547?
2
What is the thousands digit of 570051357?
1
What is the hundred thousands digit of 3155768381?
7
What is the thousands digit of 526805622?
5
What is the millions digit of 572886986?
2
What is the ten thousands digit of 67350002?
5
What is the hundred thousands digit of 280745525?
7
What is the ten millions digit of 201683537?
0
What is the hundreds digit of 594625291?
2
What is the ten millions digit of 119179783?
1
What is the millions digit of 153918605?
3
What is the tens digit of 319401298?
9
What is the hundred thousands digit of 3608924844?
9
What is the tens digit of 155803716?
1
What is the units digit of 683074976?
6
What is the ten millions digit of 855972545?
5
What is the tens digit of 237168457?
5
What is the hundreds digit of 6639588?
5
What is the ten millions digit of 499495966?
9
What is the thousands digit of 207787431?
7
What is the millions digit of 982513664?
2
What is the units digit of 176208470?
0
What is the tens digit of 35505760?
6
What is the units digit of 34641866?
6
What is the millions digit of 909414465?
9
What is the units digit of 13274420?
0
What is the hundred thousands digit of 269035867?
0
What is the units digit of 41866565?
5
What is the units digit of 17724961?
1
What is the ten thousands digit of 33473382?
7
What is the units digit of 1067114661?
1
What is the ten millions digit of 6014604143?
1
What is the hundred thousands digit of 74459799?
4
What is the ten millions digit of 27566978?
2
What is the ten thousands digit of 30795754?
9
What is the ten thousands digit of 131872461?
7
What is the hundred thousands digit of 62343754?
3
What is the millions digit of 1064461396?
4
What is the ten thousands digit of 727817959?
1
What is the hundred millions digit of 121304740?
1
What is the hundred thousands digit of 315884347?
8
What is the tens digit of 39289854?
5
What is the ten thousands digit of 32121405?
2
What is the ten millions digit of 7073226913?
7
What is the hundreds digit of 93452376?
3
What is the units digit of 183650049?
9
What is the thousands digit of 3134154?
4
What is the millions digit of 3494769647?
4
What is the thousands digit of 7457117?
7
What is the hundreds digit of 78538352?
3
What is the hundred thousands digit of 699055136?
0
What is the units digit of 926442731?
1
What is the tens digit of 1555546094?
9
What is the tens digit of 185412738?
3
What is the ten thousands digit of 2572799397?
9
What is the ten millions digit of 4969106742?
6
What is the units digit of 513365186?
6
What is the tens digit of 207871305?
0
What is the units digit of 186509167?
7
What is the ten thousands digit of 1130136561?
3
What is the millions digit of 6317198442?
7
What is the ten millions digit of 263549856?
6
What is the units digit of 39479545?
5
What is the ten millions digit of 401271913?
0
What is the thousands digit of 6713270800?
0
What is the ten thousands digit of 18320471?
2
What is the billions digit of 2678462921?
2
What is the ten millions digit of 1241056866?
4
What is the tens digit of 2118534106?
0
What is the thousands digit of 343444179?
4
What is the millions digit of 884830765?
4
What is the hundred millions digit of 269926606?
2
What is the hundred thousands digit of 1493158641?
1
What is the thousands digit of 1701655?
1
What is the tens digit of 60397297?
9
What is the hundred thousands digit of 3972236677?
2
What is the thousands digit of 661951420?
1
What is the hundred thousands digit of 50429445?
4
What is the hundred thousands digit of 3495739?
4
What is the ten millions digit of 153101942?
5
What is the millions digit of 44826040?
4
What is the ten thousands digit of 374088007?
8
What is the millions digit of 127012932?
7
What is the ten thousands digit of 59352725?
5
What is the units digit of 4767664691?
1
What is the hundred thousands digit of 740411981?
4
What is the hundred t